 = 5*p - 5, 2*k - 4*p = 5 + 1. Calculate the highest common factor of k and 75.
5
Let y be 2 - ((-1)/(-4) + (-548)/16). Calculate the highest common factor of y and 828.
36
Suppose 8*s - 3*s = 70. Let j be -4 + -2 + 40 + -3. Let b = -29 + j. Calculate the greatest common factor of s and b.
2
Let n be (16 + -14)*(-2 - 0). Let v be n - (-22 - 10/(-5)). What is the greatest common factor of 176 and v?
16
Suppose -257*h = -275*h + 126. Let f(c) = c**2 + 4*c - 4. Let g be f(-5). What is the greatest common factor of h and g?
1
Let p(b) = 4*b**2 + 32*b - 161. Let y be p(-17). What is the highest common factor of y and 123?
41
Let p(b) = -12*b - 9. Let l be p(-9). Let m = 67 - 8. Suppose 0 = -4*z + 5*o + m, 2*z + 3*o = o + 16. What is the highest common divisor of l and z?
11
Let r = 606 + -564. Let x be (0 - 0)*(-3)/(-6). Suppose -23 = -p + 3*u, -3*p + 2*u = -x*p - 48. Calculate the greatest common divisor of r and p.
14
Suppose 4*i + 4*l - 17 = 3*l, 14 = 3*i + l. What is the highest common factor of i and 75?
3
Suppose 2428 = 22*b - 3622. Let z be 2 - (4 + -2) - -25. What is the highest common divisor of z and b?
25
Let z(d) = 44*d - 8. Let s be z(6). Let w be ((-5)/15)/(1/(-111)) - 5. Calculate the greatest common divisor of s and w.
32
Suppose 1792 = 4*g - 4*p, p + 23 = 25. What is the greatest common divisor of g and 36?
18
Let l = -37 - -38. Let h be ((-1)/(-2))/(l/2). Calculate the greatest common divisor of 1 and h.
1
Suppose 5*b - 874 = g + 825, -4*g + 1024 = 3*b. Calculate the greatest common divisor of b and 20.
20
Let s = 309 - 275. Suppose r + 118 = 2*x - 16, -74 = -x - 3*r. What is the highest common factor of x and s?
34
Suppose 3*g + 40 = 2*s, -s + 7*g - 10*g + 20 = 0. What is the greatest common divisor of 8 and s?
4
Suppose 4*c - 6*c = -1176. What is the highest common divisor of 84 and c?
84
Suppose -y + 224 = -7. Let z(s) = 2*s**2 - 14*s + 45. Let o be z(4). Calculate the greatest common factor of y and o.
21
Let w(m) = -8*m + 29. Let r be w(-5). Calculate the highest common factor of 115 and r.
23
Let b(k) = k**2 + 5*k + 10. Let v = 15 + -14. Suppose 0 = -g + 3*m - v, 3*m - 4*m - 30 = 4*g. Let x be b(g). Calculate the greatest common divisor of 6 and x.
6
Let l(u) = u**2 - 2*u + 2. Let w be l(2). Suppose w*j + 20 = 7*j. Suppose -3*a - 3 = -j*a. Calculate the highest common divisor of 6 and a.
3
Suppose x + 131 = 3*i, -2*i - 4*x = 3*i - 207. What is the greatest common factor of i and 43?
43
Let o be (59/59)/((-2)/(-10)). What is the greatest common factor of o and 625?
5
Let t = 855 + -551. Suppose u + u = -3*x + 200, 4*u + t = 5*x. Suppose 4*k - x = -4*m, 5*k - 49 = m + 25. What is the highest common factor of k and 165?
15
Suppose 6*f - 10 = f - 4*n, 3*n = 0. Suppose 0 = f*m - m - 8. Calculate the greatest common factor of 1 and m.
1
Let z(n) = -2*n + 22. Let v be z(5). Suppose 15 = 2*g - 11. Suppose m - 73 = -g. Calculate the highest common divisor of m and v.
12
Suppose -10 = -2*p - 3*p. Let g = p - -12. Let l be -11 + 11 + 28/2. What is the highest common divisor of l and g?
14
Let c be (-3 - -8) + 100 + -6. Calculate the highest common factor of c and 88.
11
Suppose -5*r + 6*r - 1027 = 0. What is the highest common factor of 13 and r?
13
Let f be -192*((-46)/(-115))/((-4)/5). Suppose 3*t + 2*t = -5. Let s be t/(-2)*(-48)/(-2). Calculate the greatest common divisor of f and s.
12
Let o = -103 + 118. Suppose -4*m - d = -2*d - 125, 3*m = 5*d + 115. Calculate the highest common factor of m and o.
15
Let k be (-8)/(-3) + 10/(-15). Suppose -k*u = u. Suppose n - 15 - 90 = u. What is the greatest common divisor of 42 and n?
21
Suppose -39*r + 4870 + 1448 = 0. What is the highest common factor of r and 126?
18
Let b(o) = 15*o + 244. Let w be b(-16). Suppose 0 = -4*v - 0*v + 64. What is the greatest common factor of v and w?
4
Let b(z) = -6*z - 15. Let q be b(-6). Let y be (-14)/q*117/(-2). What is the greatest common divisor of y and 52?
13
Suppose -6*l = 17 - 89. Suppose -2*r - 3*r = -20. Suppose 2*v - 2*j = 5*v - 34, r*v + 4*j - 44 = 0. Calculate the greatest common divisor of v and l.
12
Suppose 4*z + 3*v - 93 = 0, 2*z + 0*v = 2*v + 64. Suppose -h + 26 - 4 = -5. Calculate the greatest common factor of h and z.
27
Let n = 333 + -221. Suppose -2*d = -j - 28, -68 = -4*d - 3*j + 2*j. Calculate the highest common factor of n and d.
16
Let l = 191 + -158. Suppose 2*o + 2 = 0, -2*m - 5*o + 4 = -1. Suppose w - 75 = -5*j + m*w, -5*j = w - 50. What is the greatest common divisor of l and j?
11
Suppose -59 = 13*y - 150. What is the greatest common factor of 2226 and y?
7
Let n(x) = x + 97. Let f be n(8). What is the highest common divisor of f and 15?
15
Let f(c) = -c**3 - 7*c**2 + 231*c - 1. Let u be f(12). Calculate the greatest common factor of u and 560.
35
Suppose 0 = -4*n + 637 + 739. Let d = n - 120. Calculate the highest common divisor of d and 32.
32
Suppose 9*g + 15*g - 1680 = 0. What is the greatest common divisor of 20 and g?
10
Let j = 180 - 175. Calculate the greatest common factor of 15 and j.
5
Let r = -18 - -48. Let i(z) = 18*z - 6. Let o be i(6). Suppose 4*v - 19 - 59 = q, 5*v = -q + o. What is the greatest common factor of v and r?
10
Let k(s) = -3*s**2 - 11*s + 5. Let d be k(-4). Let c be 10/d*(-30)/(-50). What is the highest common factor of 114 and c?
6
Let g = -1236 + 1337. What is the highest common factor of g and 3131?
101
Suppose 0 = -4*m + 4*v + 228 + 672, -8 = 2*v. Suppose -13*h + 585 = -m. What is the greatest common factor of h and 155?
31
Let i(s) = 4*s**2 + 5*s - 9. Let q be i(-9). Suppose -16*c + 24 = -19*c. Let x be (-9)/(-12) + (-234)/c. Calculate the highest common factor of x and q.
30
Suppose -5*a + 42 = 5*i + 2, -12 = -4*i. Suppose a*o + 370 = 5*u, 2*o = -3*u + 51 + 151. Calculate the highest common divisor of 28 and u.
14
Let r(t) = 2*t**2 + 14*t - 32. Let c be r(11). Calculate the greatest common divisor of c and 91.
91
Let i be -1*-43*(-4 - -5). Let m = i - 29. Calculate the greatest common divisor of 56 and m.
14
Let n be 131 + (-11 - (-25 - -11)). What is the greatest common divisor of 201 and n?
67
Let d(n) = -9*n**3 - n**2 - n + 1. Let v be d(-1). Suppose p = 10 + v. Calculate the greatest common factor of 50 and p.
10
Suppose -2*s + 4 = -u, 4*u = s + 3*s - 12. Let j be u + 4 + (-54)/(-1). What is the greatest common factor of 14 and j?
14
Let d(p) = -2*p**2 - 30*p + 11. Let w be d(-13). Let v = 183 - w. Calculate the highest common divisor of 15 and v.
15
Let s(j) = 2*j**2 - 6*j + 21. Let n(p) = p - 1. Let w(d) = 3*n(d) + s(d). Let m be w(4). What is the highest common divisor of m and 190?
38
Let q be (-48)/(-40) - (-194)/5. Let b be 534/33 + (-4)/22. What is the greatest common factor of q and b?
8
Suppose 50*k = 841 + 1959. Calculate the highest common factor of k and 154.
14
Suppose 3*x + 31 = 4*l, -2*l - 3*l + 30 = -2*x. Let h(p) = -2*p + 3. Let b be h(l). Let n be ((-48)/10)/(2/b). Calculate the highest common divisor of n and 4.
4
Let a(i) be the first derivative of -i**2 + 4*i + 3. Let t be a(0). Suppose 0 = 5*p - t*p - 16. Calculate the greatest common divisor of p and 48.
16
Let l be 3 + (-5)/((-20)/4). Suppose l*k = 3*x - 64, -x + 2*k = x - 42. Calculate the highest common divisor of 50 and x.
10
Suppose 4*f + 4*u = 32, f - u - 18 = -4*u. Let o = f + 32. Let k = 71 - o. Calculate the greatest common divisor of k and 24.
12
Let p(c) = -c**2 + 3*c + 3. Let m be p(3). Let o(l) = 6*l - 6*l - l**m + l - 2 - 4*l**2. Let s be o(-5). What is the greatest common divisor of 18 and s?
18
Suppose -5*l - 4*j = 117, l + 6 = -5*j - 30. Let a be 70/l*(-54)/5. What is the greatest common factor of 324 and a?
36
Suppose -3*h - 222 = -u, 4*u - 60*h - 888 = -65*h. What is the highest common divisor of u and 6?
6
Let a be -3*(-3)/(6 + 3). What is the highest common factor of 9 and a?
1
Let d = -3 + 11. Let r be d - (-2 + 0 - -3). Calculate the highest common divisor of r and 63.
7
Let b(i) = 6*i - 214. Let f be b(52). Let l(j) = j**2 - 23. Let u be l(0). Let q = u + 37. Calculate the highest common factor of f and q.
14
Suppose 12*o - 88200 = -37*o. Calculate the highest common divisor of 48 and o.
24
Let y be 4/(2*1/2). Let f = -20 + 32. Calculate the greatest common divisor of y and f.
4
Let w(d)